What is the tens digit of z(a)?
1
Let c(o) = -7*o - 3*o**2 + 2*o**2 + 0*o**2. Let y be c(-7). Suppose 3*m + a + 4*a - 4 = y, a = -3*m + 20. What is the units digit of m?
8
Let k be 2/(-12) - 55/(-6). Let j = k - 8. What is the tens digit of ((-1)/j)/((-1)/10)?
1
Suppose -4 = -6*o + 2*o, 5*w + 4*o - 929 = 0. What is the tens digit of w?
8
Let x = 6 + -8. Suppose 6 = 3*h - h. Let y = h + x. What is the units digit of y?
1
Suppose 0 = 3*w - 0*w - 216. Suppose 24 = -2*f + w. What is the tens digit of f?
2
Let k(u) = -u - 7. Let j be k(-9). Suppose -j*g + 10 = -g. What is the units digit of (g/(-4))/(5/(-30))?
5
Let a = 130 + -40. What is the units digit of a?
0
Let d = 191 + -37. Suppose 258 = 5*z - 3*h, 0 = z + 2*z - h - d. What is the units digit of z?
1
Let c = 7 + -25. What is the units digit of c*(-3)/12*2?
9
Suppose s - 5*s - 8 = -3*p, -p + 2 = -s. Suppose -4*n + 2*r + 18 + 28 = p, -4*n = 5*r - 67. What is the tens digit of n?
1
Let o(a) = a**3 + 8*a**2 + 7*a + 2. Suppose -15 = -2*v + 5*v. What is the units digit of o(v)?
2
Let d(y) = 2*y**3 - 9*y**2 + 5*y + 2. Let g be d(6). Suppose 2*h + 41 = 2*f + 113, -5*h - 3*f + g = 0. What is the tens digit of h?
3
Suppose 0*s - 5*s = -20. Let t = -3 + s. Suppose -3*j - t = -19. What is the units digit of j?
6
Let i be (-9)/(-4 + (-70)/(-16)). Let g = 42 + i. What is the tens digit of g?
1
What is the units digit of (-508)/(-18) - (-4)/(-18)?
8
Let a be 10/14 - 2/(-7). Suppose -i = -x + 3 + 5, -i = a. Suppose -4*z + x*z = 30. What is the tens digit of z?
1
What is the units digit of (-4)/(-1) - (-3 - -2)?
5
Let f be (-22)/(-33) + (-274)/6. Let b = -19 - f. What is the units digit of b?
6
Let x(j) = 3*j**2 + 6*j - 8. What is the tens digit of x(-6)?
6
Suppose -5*s = -3*s - 190. Let p = s + -59. What is the units digit of p?
6
Let t(i) be the second derivative of i**7/840 - i**6/120 - i**5/40 + i**3/3 + 2*i. Let z(b) be the second derivative of t(b). What is the units digit of z(4)?
4
Let r(a) = -a**3 + 6*a**2 - a + 2. What is the tens digit of r(5)?
2
What is the units digit of (1*(-114)/4)/(1/(-2))?
7
Let d(v) = -26*v - 40. What is the units digit of d(-3)?
8
Let y = -4 + 7. What is the units digit of y?
3
Let v = 2 + 7. What is the units digit of v?
9
Suppose -75 + 7 = -4*k. What is the units digit of k?
7
Suppose -4 = 2*z - 8. Suppose -u = -15 + 3. Let s = u + z. What is the tens digit of s?
1
Let f(o) be the first derivative of 7*o**2/2 - 2. What is the tens digit of f(2)?
1
Let q(p) = -38*p + 12. Let l be q(-10). What is the units digit of (l/42)/(4/6)?
4
Let o(i) be the first derivative of -2*i**3/3 - 3*i**2/2 + 2*i + 3. Let c(h) = -2*h**2 - 3*h + 2. Let x(k) = -7*c(k) + 6*o(k). What is the units digit of x(-3)?
7
Suppose 0 = -t + 5. Suppose t*d = 3*d + 10. Suppose -5*j - 5*o + 50 = -0*j, -22 = -j - d*o. What is the units digit of j?
7
Suppose -118 = -2*g - 0*t - 4*t, -4*t + 69 = g. What is the units digit of g?
9
Let b = 3 + -3. Suppose b = -3*v - 4 - 5. What is the units digit of 0 + (-13 + 1)/v?
4
Let a(m) = 4*m + 3*m**2 - 2*m - 5*m + 2*m - 1. Let r be a(-1). What is the units digit of 1 + (r + 0 - 2)?
2
Suppose 0 = h - 4*n - 177, -29 = -4*n - 9. What is the tens digit of h?
9
Suppose 4*j + 0 = 8. Suppose -6*i + j*i + 52 = 0. What is the units digit of i?
3
Let g(k) = k**3 - k**2 - 3*k + 3. Let f be g(2). Let p be 2*f/(-3)*-3. Suppose r - 2 + 0 = p*d, -d = -5*r + 28. What is the units digit of r?
6
Let j(x) = -x**3 - 13*x**2 - 6*x - 10. What is the units digit of j(-13)?
8
What is the units digit of 1*3/3*5?
5
Suppose -65 = -n - 5*v + 2*v, v + 102 = 2*n. What is the tens digit of n?
5
What is the units digit of 8890/60 - 1/6?
8
Suppose 0*j + 3*j = -2*t - 4, -8 = 4*t - 5*j. What is the units digit of 90/21 - t/(-7)?
4
Suppose -4*y = -0*w - w + 4, 4 = -5*y + w. Suppose y = -3*b + b + 18. What is the units digit of b?
9
Suppose -5*y + 169 - 34 = 0. Suppose 5*h + 7 - y = 0. What is the units digit of h?
4
Let z(q) = 2*q**2 - 16*q + 30. What is the tens digit of z(12)?
2
What is the units digit of (76/3)/((-14)/(-21))?
8
Let x be (-2)/(((-10)/17)/5). Suppose 6*v + 169 = 5*h + 5*v, -h + x = 4*v. What is the tens digit of h?
3
Suppose 0 = -3*r + 5*o + 26, 2*r + 2*o + 12 = 4*r. Suppose -i - 3 = r, -i - 20 = -3*v. Let s = v + -3. What is the units digit of s?
2
Let n(y) = 3*y - 12. What is the tens digit of n(8)?
1
Suppose -13*f = -23*f + 3030. What is the tens digit of f?
0
Let x(o) = 3*o**2 - o - 2. Let l be x(-1). Let h(v) = -v + 2. Let i be h(0). Suppose -4 = -i*z + l. What is the units digit of z?
3
Let m(b) be the third derivative of -b**4/24 + 11*b**3/6 + 3*b**2. Let n be m(6). Let t(w) = w**2 - 4*w + 3. What is the units digit of t(n)?
8
Suppose 3*h + 5*u + 8 = -0*h, -3*h + 5*u + 32 = 0. What is the units digit of h?
4
Let q(t) = t - 3. Let i be q(-9). Suppose -2*y = 5*j - 2*j + 22, 2*j = 2*y + 12. Let s = y - i. What is the units digit of s?
4
Let s(l) = 3*l + 4. What is the tens digit of s(12)?
4
Suppose 2 - 1 = -n. Let p = n + 2. What is the units digit of p?
1
Let j = 21 + -22. What is the units digit of (-6 + j)*(-104)/28?
6
Let c(f) = -184*f + 1. Let l be c(-1). Suppose l = 2*u + 3*u. What is the tens digit of u?
3
Let i(g) = g**3 + 8*g**2 + 6*g - 4. Let r be i(-7). Suppose -3*f = 2*w - f - 72, 0 = r*w + 2*f - 107. What is the units digit of w?
5
Let a(y) = y**3 - 7*y**2 - 15. What is the units digit of a(8)?
9
Suppose -4*g = -49 + 9. Suppose 0*n + 2*n = g. Suppose -4*p + 33 = 5*j, 2*p - 8 = n*j + 1. What is the units digit of p?
7
Let y(a) = -a**2 + 5*a - 4. Let b be (6/8)/((-9)/(-36)). Let i be y(b). What is the units digit of ((-2)/(-3))/(i/51)?
7
Let h = 13 + -8. Suppose -h*l - 4*w = w - 145, -w = -1. Let q = 50 - l. What is the tens digit of q?
2
Suppose -1 + 0 = r. Let h be ((-35)/14)/(r/4). Suppose -3*x + 2 = -h. What is the units digit of x?
4
Let o(t) be the third derivative of -t**6/120 + t**5/10 + 5*t**3/6 + 2*t**2. Let w be o(6). Suppose -w - 35 = -4*k. What is the units digit of k?
0
Let r(q) = 39*q - 1. Let l be r(1). Suppose -l - 2 = -2*t. What is the units digit of t?
0
Suppose 13 + 23 = 3*v. Let r be 1/4 + 21/v. Suppose -3*p + 10 = -r*p. What is the tens digit of p?
1
Let a be ((-1)/3)/(6/(-36)). Suppose -15 = -a*q - 3*c, -6*q + 2*q + 34 = 2*c. What is the units digit of q?
9
Let i(z) = -z**3 + 3*z**2 + 2*z - 4. Let y be i(3). Suppose 5*r - 108 = -2*w, -r + y + 2 = -4*w. What is the units digit of r?
0
Suppose -3*w = -4*p - 0*p - 228, -w - p + 83 = 0. Suppose 5*x = 5*f - 65, 3*f + 3*x = -f + w. Let m = -11 + f. What is the units digit of m?
6
Let v be (-28)/7 - (-91 - 0). Suppose 4*m - v = 65. What is the tens digit of m?
3
Let d be (-9)/6*(0 + -2). Suppose d*q - 19 = -1. What is the units digit of q?
6
Suppose 3*q + q = 8, i = -5*q + 55. What is the tens digit of i?
4
Suppose -2*g + 2*j = -50, 3*g - j = -0*g + 79. What is the tens digit of g?
2
Let z be (3 - -9) + (-2 - -2). Let u = z - 7. Suppose u*r = 21 + 29. What is the tens digit of r?
1
Let r(h) = -8*h - 1. Let t be r(-1). Let i = t - 4. Suppose 4*g + 5*a + i - 12 = 0, -3*g + 33 = -5*a. What is the units digit of g?
6
Suppose -2*n - 12 = -4*n. Let g be (21/(-6))/(2/20). What is the units digit of 3/n - g/2?
8
Let l = 8 - 6. Suppose 0 = l*d + 18 - 42. Let r = d - -1. What is the units digit of r?
3
Suppose -4*g - 1 = -3*g. Let r(y) = -6*y**3 - y - 1. What is the units digit of r(g)?
6
Let p(c) = c**2 - 4*c + 1 - 2 + 13*c. What is the units digit of p(-10)?
9
Let t(n) = 8*n + 11*n**2 - 4*n**2 + 3 + 2*n - 13*n. What is the units digit of t(2)?
5
What is the hundreds digit of -5 + 169 - (2 + -2)?
1
Suppose -3*l + l = 16. Let a be (-3 - -1) + l + 2. Let r = 11 + a. What is the units digit of r?
3
Suppose -4*x + 69 - 21 = 3*q, -11 = -q - 3*x. Suppose 4*f - q - 4 = 0. What is the units digit of f?
6
Suppose 4*u - u - 118 = m, 0 = 2*u. Let j = -81 - m. What is the tens digit of j?
3
Suppose -2*t = 89 - 403. What is the tens digit of t?
5
Let w be 8/(-6)*6 + 3. Let h = 43 + w. What is the tens digit of h?
3
Let h(m) = -m**2 + 6*m + 2. Let c be h(7). What is the units digit of (-4)/5*c/2?
2
Suppose -4*o + 3*f + 2 = 4, 3*o + f = -8. What is the tens digit of (-4)/o*19/2?
1
Let i(z) = z**3 - 4*z**2 + 4*z - 19. What is the